{"id":795,"date":"2007-02-12T08:01:44","date_gmt":"2007-02-12T08:01:44","guid":{"rendered":"http:\/\/s220043763.mialojamiento.es\/?page_id=14"},"modified":"2020-05-11T00:51:05","modified_gmt":"2020-05-10T22:51:05","slug":"celticos-olimpicos","status":"publish","type":"page","link":"https:\/\/celtaatletismo.es\/blog\/celticos-olimpicos\/","title":{"rendered":"C\u00e9lticos Ol\u00edmpicos"},"content":{"rendered":"\t\t<div data-elementor-type=\"wp-page\" data-elementor-id=\"795\" class=\"elementor elementor-795\">\n\t\t\t\t\t\t<div class=\"elementor-inner\">\n\t\t\t\t<div class=\"elementor-section-wrap\">\n\t\t\t\t\t\t\t\t\t<section class=\"has_eae_slider elementor-section elementor-top-section elementor-element elementor-element-d452b9e elementor-section-boxed elementor-section-height-default elementor-section-height-default\" data-particle_enable=\"false\" data-particle-mobile-disabled=\"false\" data-id=\"d452b9e\" data-element_type=\"section\">\n\t\t\t\t\t\t<div class=\"elementor-container elementor-column-gap-default\">\n\t\t\t\t\t\t\t<div class=\"elementor-row\">\n\t\t\t\t\t<div class=\"has_eae_slider elementor-column elementor-col-50 elementor-top-column elementor-element elementor-element-d499372\" data-id=\"d499372\" data-element_type=\"column\">\n\t\t\t<div class=\"elementor-column-wrap elementor-element-populated\">\n\t\t\t\t\t\t\t<div class=\"elementor-widget-wrap\">\n\t\t\t\t\t\t<div class=\"elementor-element elementor-element-70a78c8 elementor-widget elementor-widget-text-editor\" data-id=\"70a78c8\" data-element_type=\"widget\" data-widget_type=\"text-editor.default\">\n\t\t\t\t<div class=\"elementor-widget-container\">\n\t\t\t\t\t\t\t\t<div class=\"elementor-text-editor elementor-clearfix\">\n\t\t\t\t<p style=\"text-align: justify;\">Despois dos Xogos Ol\u00edmpicos de <em>Par\u00eds 1924, <\/em><strong>Manuel de Castro <\/strong>decidiu que o rec\u00e9n fundado R.C. Celta deb\u00eda ter unha secci\u00f3n propia de atletismo. 40 anos tardar\u00eda en chegar o primeiro ol\u00edmpico c\u00e9ltico dende ent\u00f3n, para dar inicio primeiro en <em>Tokio <\/em>e despois en <em>Am\u00e9rica <\/em>e <em>Europa; <\/em>\u00e1 saga das lendas c\u00e9lticas que chegaron \u00f3 m\u00e1is importante evento deportivo mundial, todos eles reptesentando a Espa\u00f1a. <strong>Estes son os nosos deuses.<\/strong><\/p><p><\/p><\/div><\/div><\/div><\/div><\/div><\/div><\/div><\/div><\/section><\/div><\/div><\/div> <a href=\"https:\/\/celtaatletismo.es\/blog\/celticos-olimpicos\/#more-795\" class=\"more-link elementor-more-link\"><span aria-label=\"Sigue leyendo C\u00e9lticos Ol\u00edmpicos\">(m\u00e1s&hellip;)<\/span><\/a>","protected":false},"excerpt":{"rendered":"<p>Despois dos Xogos Ol\u00edmpicos de Par\u00eds 1924, Manuel de Castro decidiu que o rec\u00e9n fundado R.C. Celta deb\u00eda ter unha secci\u00f3n propia de atletismo. 40 anos tardar\u00eda en chegar o primeiro ol\u00edmpico c\u00e9ltico dende ent\u00f3n, para dar inicio primeiro en Tokio e despois en Am\u00e9rica e Europa; \u00e1 saga das lendas c\u00e9lticas que chegaron \u00f3 [&hellip;]<\/p>\n","protected":false},"author":10,"featured_media":0,"parent":0,"menu_order":0,"comment_status":"closed","ping_status":"closed","template":"","meta":{"_monsterinsights_skip_tracking":false,"_monsterinsights_sitenote_active":false,"_monsterinsights_sitenote_note":"","_monsterinsights_sitenote_category":0},"yoast_head":"<!-- This site is optimized with the Yoast SEO plugin v20.9 - https:\/\/yoast.com\/wordpress\/plugins\/seo\/ -->\n<title>C\u00e9lticos Ol\u00edmpicos - Celta Atletismo<\/title>\n<meta name=\"robots\" content=\"index, follow, max-snippet:-1, max-image-preview:large, max-video-preview:-1\" \/>\n<link rel=\"canonical\" href=\"https:\/\/celtaatletismo.es\/blog\/celticos-olimpicos\/\" \/>\n<meta property=\"og:locale\" content=\"es_ES\" \/>\n<meta property=\"og:type\" content=\"article\" \/>\n<meta property=\"og:title\" content=\"C\u00e9lticos Ol\u00edmpicos - Celta Atletismo\" \/>\n<meta property=\"og:description\" content=\"Despois dos Xogos Ol\u00edmpicos de Par\u00eds 1924, Manuel de Castro decidiu que o rec\u00e9n fundado R.C. Celta deb\u00eda ter unha secci\u00f3n propia de atletismo. 40 anos tardar\u00eda en chegar o primeiro ol\u00edmpico c\u00e9ltico dende ent\u00f3n, para dar inicio primeiro en Tokio e despois en Am\u00e9rica e Europa; \u00e1 saga das lendas c\u00e9lticas que chegaron \u00f3 [&hellip;]\" \/>\n<meta property=\"og:url\" content=\"https:\/\/celtaatletismo.es\/blog\/celticos-olimpicos\/\" \/>\n<meta property=\"og:site_name\" content=\"Celta Atletismo\" \/>\n<meta property=\"article:publisher\" content=\"https:\/\/www.facebook.com\/Real-Club-Celta-de-Atletismo-Atletismo-Femenino-Celta-177005092323603\/\" \/>\n<meta property=\"article:modified_time\" content=\"2020-05-10T22:51:05+00:00\" \/>\n<meta name=\"twitter:card\" content=\"summary_large_image\" \/>\n<meta name=\"twitter:site\" content=\"@CeltaAtletismo\" \/>\n<meta name=\"twitter:label1\" content=\"Tiempo de lectura\" \/>\n\t<meta name=\"twitter:data1\" content=\"1 minuto\" \/>\n<script type=\"application\/ld+json\" class=\"yoast-schema-graph\">{\"@context\":\"https:\/\/schema.org\",\"@graph\":[{\"@type\":\"WebPage\",\"@id\":\"https:\/\/celtaatletismo.es\/blog\/celticos-olimpicos\/\",\"url\":\"https:\/\/celtaatletismo.es\/blog\/celticos-olimpicos\/\",\"name\":\"C\u00e9lticos Ol\u00edmpicos - Celta Atletismo\",\"isPartOf\":{\"@id\":\"https:\/\/celtaatletismo.es\/blog\/#website\"},\"datePublished\":\"2007-02-12T08:01:44+00:00\",\"dateModified\":\"2020-05-10T22:51:05+00:00\",\"breadcrumb\":{\"@id\":\"https:\/\/celtaatletismo.es\/blog\/celticos-olimpicos\/#breadcrumb\"},\"inLanguage\":\"es\",\"potentialAction\":[{\"@type\":\"ReadAction\",\"target\":[\"https:\/\/celtaatletismo.es\/blog\/celticos-olimpicos\/\"]}]},{\"@type\":\"BreadcrumbList\",\"@id\":\"https:\/\/celtaatletismo.es\/blog\/celticos-olimpicos\/#breadcrumb\",\"itemListElement\":[{\"@type\":\"ListItem\",\"position\":1,\"name\":\"Portada\",\"item\":\"https:\/\/celtaatletismo.es\/blog\/\"},{\"@type\":\"ListItem\",\"position\":2,\"name\":\"C\u00e9lticos Ol\u00edmpicos\"}]},{\"@type\":\"WebSite\",\"@id\":\"https:\/\/celtaatletismo.es\/blog\/#website\",\"url\":\"https:\/\/celtaatletismo.es\/blog\/\",\"name\":\"Celta Atletismo\",\"description\":\"Web oficial del Real Club Celta Atletismo y del Club Atletismo Femenino Celta\",\"publisher\":{\"@id\":\"https:\/\/celtaatletismo.es\/blog\/#organization\"},\"potentialAction\":[{\"@type\":\"SearchAction\",\"target\":{\"@type\":\"EntryPoint\",\"urlTemplate\":\"https:\/\/celtaatletismo.es\/blog\/?s={search_term_string}\"},\"query-input\":\"required name=search_term_string\"}],\"inLanguage\":\"es\"},{\"@type\":\"Organization\",\"@id\":\"https:\/\/celtaatletismo.es\/blog\/#organization\",\"name\":\"Celta Atletismo\",\"url\":\"https:\/\/celtaatletismo.es\/blog\/\",\"logo\":{\"@type\":\"ImageObject\",\"inLanguage\":\"es\",\"@id\":\"https:\/\/celtaatletismo.es\/blog\/#\/schema\/logo\/image\/\",\"url\":\"https:\/\/celtaatletismo.es\/blog\/wp-content\/uploads\/2018\/12\/logo-web-celta-atletismo-solo.png\",\"contentUrl\":\"https:\/\/celtaatletismo.es\/blog\/wp-content\/uploads\/2018\/12\/logo-web-celta-atletismo-solo.png\",\"width\":555,\"height\":171,\"caption\":\"Celta Atletismo\"},\"image\":{\"@id\":\"https:\/\/celtaatletismo.es\/blog\/#\/schema\/logo\/image\/\"},\"sameAs\":[\"https:\/\/www.facebook.com\/Real-Club-Celta-de-Atletismo-Atletismo-Femenino-Celta-177005092323603\/\",\"https:\/\/twitter.com\/CeltaAtletismo\"]}]}<\/script>\n<!-- \/ Yoast SEO plugin. -->","yoast_head_json":{"title":"C\u00e9lticos Ol\u00edmpicos - Celta Atletismo","robots":{"index":"index","follow":"follow","max-snippet":"max-snippet:-1","max-image-preview":"max-image-preview:large","max-video-preview":"max-video-preview:-1"},"canonical":"https:\/\/celtaatletismo.es\/blog\/celticos-olimpicos\/","og_locale":"es_ES","og_type":"article","og_title":"C\u00e9lticos Ol\u00edmpicos - Celta Atletismo","og_description":"Despois dos Xogos Ol\u00edmpicos de Par\u00eds 1924, Manuel de Castro decidiu que o rec\u00e9n fundado R.C. Celta deb\u00eda ter unha secci\u00f3n propia de atletismo. 40 anos tardar\u00eda en chegar o primeiro ol\u00edmpico c\u00e9ltico dende ent\u00f3n, para dar inicio primeiro en Tokio e despois en Am\u00e9rica e Europa; \u00e1 saga das lendas c\u00e9lticas que chegaron \u00f3 [&hellip;]","og_url":"https:\/\/celtaatletismo.es\/blog\/celticos-olimpicos\/","og_site_name":"Celta Atletismo","article_publisher":"https:\/\/www.facebook.com\/Real-Club-Celta-de-Atletismo-Atletismo-Femenino-Celta-177005092323603\/","article_modified_time":"2020-05-10T22:51:05+00:00","twitter_card":"summary_large_image","twitter_site":"@CeltaAtletismo","twitter_misc":{"Tiempo de lectura":"1 minuto"},"schema":{"@context":"https:\/\/schema.org","@graph":[{"@type":"WebPage","@id":"https:\/\/celtaatletismo.es\/blog\/celticos-olimpicos\/","url":"https:\/\/celtaatletismo.es\/blog\/celticos-olimpicos\/","name":"C\u00e9lticos Ol\u00edmpicos - Celta Atletismo","isPartOf":{"@id":"https:\/\/celtaatletismo.es\/blog\/#website"},"datePublished":"2007-02-12T08:01:44+00:00","dateModified":"2020-05-10T22:51:05+00:00","breadcrumb":{"@id":"https:\/\/celtaatletismo.es\/blog\/celticos-olimpicos\/#breadcrumb"},"inLanguage":"es","potentialAction":[{"@type":"ReadAction","target":["https:\/\/celtaatletismo.es\/blog\/celticos-olimpicos\/"]}]},{"@type":"BreadcrumbList","@id":"https:\/\/celtaatletismo.es\/blog\/celticos-olimpicos\/#breadcrumb","itemListElement":[{"@type":"ListItem","position":1,"name":"Portada","item":"https:\/\/celtaatletismo.es\/blog\/"},{"@type":"ListItem","position":2,"name":"C\u00e9lticos Ol\u00edmpicos"}]},{"@type":"WebSite","@id":"https:\/\/celtaatletismo.es\/blog\/#website","url":"https:\/\/celtaatletismo.es\/blog\/","name":"Celta Atletismo","description":"Web oficial del Real Club Celta Atletismo y del Club Atletismo Femenino Celta","publisher":{"@id":"https:\/\/celtaatletismo.es\/blog\/#organization"},"potentialAction":[{"@type":"SearchAction","target":{"@type":"EntryPoint","urlTemplate":"https:\/\/celtaatletismo.es\/blog\/?s={search_term_string}"},"query-input":"required name=search_term_string"}],"inLanguage":"es"},{"@type":"Organization","@id":"https:\/\/celtaatletismo.es\/blog\/#organization","name":"Celta Atletismo","url":"https:\/\/celtaatletismo.es\/blog\/","logo":{"@type":"ImageObject","inLanguage":"es","@id":"https:\/\/celtaatletismo.es\/blog\/#\/schema\/logo\/image\/","url":"https:\/\/celtaatletismo.es\/blog\/wp-content\/uploads\/2018\/12\/logo-web-celta-atletismo-solo.png","contentUrl":"https:\/\/celtaatletismo.es\/blog\/wp-content\/uploads\/2018\/12\/logo-web-celta-atletismo-solo.png","width":555,"height":171,"caption":"Celta Atletismo"},"image":{"@id":"https:\/\/celtaatletismo.es\/blog\/#\/schema\/logo\/image\/"},"sameAs":["https:\/\/www.facebook.com\/Real-Club-Celta-de-Atletismo-Atletismo-Femenino-Celta-177005092323603\/","https:\/\/twitter.com\/CeltaAtletismo"]}]}},"_links":{"self":[{"href":"https:\/\/celtaatletismo.es\/blog\/wp-json\/wp\/v2\/pages\/795"}],"collection":[{"href":"https:\/\/celtaatletismo.es\/blog\/wp-json\/wp\/v2\/pages"}],"about":[{"href":"https:\/\/celtaatletismo.es\/blog\/wp-json\/wp\/v2\/types\/page"}],"author":[{"embeddable":true,"href":"https:\/\/celtaatletismo.es\/blog\/wp-json\/wp\/v2\/users\/10"}],"replies":[{"embeddable":true,"href":"https:\/\/celtaatletismo.es\/blog\/wp-json\/wp\/v2\/comments?post=795"}],"version-history":[{"count":8,"href":"https:\/\/celtaatletismo.es\/blog\/wp-json\/wp\/v2\/pages\/795\/revisions"}],"predecessor-version":[{"id":10440,"href":"https:\/\/celtaatletismo.es\/blog\/wp-json\/wp\/v2\/pages\/795\/revisions\/10440"}],"wp:attachment":[{"href":"https:\/\/celtaatletismo.es\/blog\/wp-json\/wp\/v2\/media?parent=795"}],"curies":[{"name":"wp","href":"https:\/\/api.w.org\/{rel}","templated":true}]}}

Célticos Olímpicos

<div data-elementor-type="wp-page" data-elementor-id="795" class="elementor elementor-795">
						<div class="elementor-inner">
				<div class="elementor-section-wrap">
									<section class="has_eae_slider elementor-section elementor-top-section elementor-element elementor-element-d452b9e elementor-section-boxed elementor-section-height-default elementor-section-height-default" data-particle_enable="false" data-particle-mobile-disabled="false" data-id="d452b9e" data-element_type="section">
						<div class="elementor-container elementor-column-gap-default">
							<div class="elementor-row">
					<div class="has_eae_slider elementor-column elementor-col-50 elementor-top-column elementor-element elementor-element-d499372" data-id="d499372" data-element_type="column">
			<div class="elementor-column-wrap elementor-element-populated">
							<div class="elementor-widget-wrap">
						<div class="elementor-element elementor-element-70a78c8 elementor-widget elementor-widget-text-editor" data-id="70a78c8" data-element_type="widget" data-widget_type="text-editor.default">
				<div class="elementor-widget-container">
								<div class="elementor-text-editor elementor-clearfix">
				<p style="text-align: justify;">Despois dos Xogos Olímpicos de <em>París 1924, </em><strong>Manuel de Castro </strong>decidiu que o recén fundado R.C. Celta debía ter unha sección propia de atletismo. 40 anos tardaría en chegar o primeiro olímpico céltico dende entón, para dar inicio primeiro en <em>Tokio </em>e despois en <em>América </em>e <em>Europa; </em>á saga das lendas célticas que chegaron ó máis importante evento deportivo mundial, todos eles reptesentando a España. <strong>Estes son os nosos deuses.</strong></p><p></p></div></div></div></div></div></div></div></div></section></div></div></div> <a href="https://celtaatletismo.es/blog/celticos-olimpicos/#more-795" class="more-link elementor-more-link"><span aria-label="Sigue leyendo Célticos Olímpicos">(más&hellip;)</span></a>

<p>Despois dos Xogos Olímpicos de París 1924, Manuel de Castro decidiu que o recén fundado R.C. Celta debía ter unha sección propia de atletismo. 40 anos tardaría en chegar o primeiro olímpico céltico dende entón, para dar inicio primeiro en Tokio e despois en América e Europa; á saga das lendas célticas que chegaron ó [&hellip;]</p>

<!-- This site is optimized with the Yoast SEO plugin v20.9 - https://yoast.com/wordpress/plugins/seo/ -->
<title>Célticos Olímpicos - Celta Atletismo</title>
<meta name="robots" content="index, follow, max-snippet:-1, max-image-preview:large, max-video-preview:-1" />
<link rel="canonical" href="https://celtaatletismo.es/blog/celticos-olimpicos/" />
<meta property="og:locale" content="es_ES" />
<meta property="og:type" content="article" />
<meta property="og:title" content="Célticos Olímpicos - Celta Atletismo" />
<meta property="og:description" content="Despois dos Xogos Olímpicos de París 1924, Manuel de Castro decidiu que o recén fundado R.C. Celta debía ter unha sección propia de atletismo. 40 anos tardaría en chegar o primeiro olímpico céltico dende entón, para dar inicio primeiro en Tokio e despois en América e Europa; á saga das lendas célticas que chegaron ó [&hellip;]" />
<meta property="og:url" content="https://celtaatletismo.es/blog/celticos-olimpicos/" />
<meta property="og:site_name" content="Celta Atletismo" />
<meta property="article:publisher" content="https://www.facebook.com/Real-Club-Celta-de-Atletismo-Atletismo-Femenino-Celta-177005092323603/" />
<meta property="article:modified_time" content="2020-05-10T22:51:05+00:00" />
<meta name="twitter:card" content="summary_large_image" />
<meta name="twitter:site" content="@CeltaAtletismo" />
<meta name="twitter:label1" content="Tiempo de lectura" />
	<meta name="twitter:data1" content="1 minuto" />
<script type="application/ld+json" class="yoast-schema-graph">{"@context":"https://schema.org","@graph":[{"@type":"WebPage","@id":"https://celtaatletismo.es/blog/celticos-olimpicos/","url":"https://celtaatletismo.es/blog/celticos-olimpicos/","name":"Célticos Olímpicos - Celta Atletismo","isPartOf":{"@id":"https://celtaatletismo.es/blog/#website"},"datePublished":"2007-02-12T08:01:44+00:00","dateModified":"2020-05-10T22:51:05+00:00","breadcrumb":{"@id":"https://celtaatletismo.es/blog/celticos-olimpicos/#breadcrumb"},"inLanguage":"es","potentialAction":[{"@type":"ReadAction","target":["https://celtaatletismo.es/blog/celticos-olimpicos/"]}]},{"@type":"BreadcrumbList","@id":"https://celtaatletismo.es/blog/celticos-olimpicos/#breadcrumb","itemListElement":[{"@type":"ListItem","position":1,"name":"Portada","item":"https://celtaatletismo.es/blog/"},{"@type":"ListItem","position":2,"name":"Célticos Olímpicos"}]},{"@type":"WebSite","@id":"https://celtaatletismo.es/blog/#website","url":"https://celtaatletismo.es/blog/","name":"Celta Atletismo","description":"Web oficial del Real Club Celta Atletismo y del Club Atletismo Femenino Celta","publisher":{"@id":"https://celtaatletismo.es/blog/#organization"},"potentialAction":[{"@type":"SearchAction","target":{"@type":"EntryPoint","urlTemplate":"https://celtaatletismo.es/blog/?s={search_term_string}"},"query-input":"required name=search_term_string"}],"inLanguage":"es"},{"@type":"Organization","@id":"https://celtaatletismo.es/blog/#organization","name":"Celta Atletismo","url":"https://celtaatletismo.es/blog/","logo":{"@type":"ImageObject","inLanguage":"es","@id":"https://celtaatletismo.es/blog/#/schema/logo/image/","url":"https://celtaatletismo.es/blog/wp-content/uploads/2018/12/logo-web-celta-atletismo-solo.png","contentUrl":"https://celtaatletismo.es/blog/wp-content/uploads/2018/12/logo-web-celta-atletismo-solo.png","width":555,"height":171,"caption":"Celta Atletismo"},"image":{"@id":"https://celtaatletismo.es/blog/#/schema/logo/image/"},"sameAs":["https://www.facebook.com/Real-Club-Celta-de-Atletismo-Atletismo-Femenino-Celta-177005092323603/","https://twitter.com/CeltaAtletismo"]}]}</script>
<!-- / Yoast SEO plugin. -->

Célticos Olímpicos - Celta Atletismo

Despois dos Xogos Olímpicos de París 1924, Manuel de Castro decidiu que o recén fundado R.C. Celta debía ter unha sección propia de atletismo. 40 anos tardaría en chegar o primeiro olímpico céltico dende entón, para dar inicio primeiro en Tokio e despois en América e Europa; á saga das lendas célticas que chegaron ó [&hellip;]
